ive g(z).
-1
Let a be ((-10)/15)/((-4)/42). Let b(y) be the third derivative of -y**4/12 + 7*y**3/6 + 7403*y**2. Give b(a).
-7
Let r = -214 - -218. Let k(w) = 28 - 6*w + 3*w**3 - 36 - r*w**3 + 15*w + 6*w**2. Determine k(7).
6
Suppose 9*s + 1364 = 31*s. Suppose -18 + s = 11*h. Let m(b) = -b**3 + 3*b**2 - b + 4. Give m(h).
-16
Let r(s) be the second derivative of 3/40*s**5 - 19*s + 0*s**3 + 0*s**2 + 11/4*s**4 + 0 + 1/720*s**6. Let q(z) be the third derivative of r(z). Determine q(-7).
2
Let a(k) = -7*k - 8*k**2 - 99*k**3 + 20*k**3 + 7 + 78*k**3. Determine a(-7).
7
Let g be -2 - (2/6)/(12/(-144)). Let q be g + (36/(-28) - (-4)/14). Let a(r) = -19*r - 1. What is a(q)?
-20
Let n(m) = 4*m**3 - m**2 - m. Let x be n(-1). Let v(u) = -17 + u + 19 + 16 - 25 + 8. Determine v(x).
-3
Let r(d) = 1 - 4 + 4 - d**2. Suppose -3*x = 100*v - 95*v + 29, 17 = 5*x - v. Determine r(x).
-3
Let z(s) be the second derivative of 13*s**3/6 - 2*s**2 + 179*s + 4. Calculate z(1).
9
Let n = 120 - 120. Suppose n = -c + 4*p - 14, -2*c - p - 7 = 3*c. Let h(s) = -14*s + 1. Give h(c).
29
Let n(h) = h**3 - 15*h**2 + 14*h + 16. Suppose 219*g - 3024 = 3*g. Give n(g).
16
Let p(r) = -r**2 - r + 30. Let j = 289 + -257. Let d be (j/4 - 8)/(-1). Determine p(d).
30
Let d = -5 - -10. Suppose d*p = 2*s + 27, 4*p - 17 = -4*s - 29. Let u(y) = -y**3 - 7*y**2 - 11*y - 12. Calculate u(s).
18
Let h(v) = -v**2 + 6*v + 8. Let o(x) = -x**3 - 20*x**2 - 21*x - 12. Let g be o(-19). Let d be (4/18 - g/36)*-14. Give h(d).
1
Suppose -2*k + 5 = 3. Let b(j) be the first derivative of 23*j**3/3 - j**2 + j - 10. What is b(k)?
22
Let d(p) = -1 - 6*p + 1. Let q be (32/(-2))/(85 - 87). Suppose -53*c - q = -57*c. Calculate d(c).
-12
Suppose 2*g - 10 = -0*g + 4*o, -3*g = o + 20. Let d(x) be the second derivative of 2*x + 7/2*x**2 + 1/12*x**4 + 7/6*x**3 + 0. Calculate d(g).
-3
Let u(m) = -43*m + 30. Let q(j) = 20*j - 13. Let c(k) = -5*q(k) - 2*u(k). Calculate c(5).
-65
Let w(i) = i + 2. Let c = 254 - 157. Suppose -102*p + c*p = 0. Suppose p*t - 10*t = 20. What is w(t)?
0
Let y(a) = -73 - a + 149 - 76. Suppose -8*d = 19 + 21. Give y(d).
5
Let j be (-2 - -1)/((-6)/18). Let p be (-50)/(-15) - (-2)/j. Let c(y) = 5 + y + p*y + 6*y - 16*y. Determine c(5).
-20
Let z(m) = -m**3 + m**2 - 2*m + 1. Let g(b) = -148*b + 592. Let c be g(4). What is z(c)?
1
Suppose -21 - 21 = -5*y - 3*g, -4*y + 5*g = -4. Suppose -y*c = -12 + 6. Let x(u) = -31*u**2 + u. What is x(c)?
-30
Suppose 4*z = -2*g, 2*z = 5*g + 12 - 0. Let k be (24/g - -6) + (1 - 1). Let s be (-2 - -5) + 6/k. Let u(t) = -t**2 - 2*t. What is u(s)?
-8
Suppose 737*w - 373*w + 33 = 397*w. Let c(v) = 43*v**3 - 2*v + 2. Determine c(w).
43
Let o(m) = -m**3 + 12*m**2 - 2*m + 15. Suppose 5*t + 2 = -2*f, 5 = f + 1. Let z(r) = 4*r**2 - 4. Let v be z(t). What is o(v)?
-9
Let y(n) = -n**3 + 17*n**2 - 15*n - 18. Let v = 525 - 509. Let h be y(v). Let s(m) = -m**2 - m + 1. Determine s(h).
-1
Let l(a) = -48 + 307*a + 305*a + 290*a - 916*a. What is l(-8)?
64
Let f(q) = -6*q + 10. Suppose s - 1585 = -4*s. Let v = s + -309. Determine f(v).
-38
Let p(r) = 2*r**2 - 10*r - 24. Let f be p(7). Let j(d) = -3 + 6*d - 247*d**2 - 245*d**2 + 2 + d**3 + 486*d**2 - d. Calculate j(f).
-13
Suppose -3*b - 8 = -2. Let h(y) be the second derivative of -1/3*y**3 + 1/12*y**4 - 71*y - 3/2*y**2 - 2. Give h(b).
5
Let i(s) = -28*s**2 - 21*s + 4. Let m(w) = -5*w**2 - w - 2. Let r(z) = -i(z) + 6*m(z). What is r(7)?
-9
Let a(h) = -h**2 - 2. Let v(y) = -y**3 - 24*y**2 - 43*y + 19. Let t(r) = -14*r + 62. Let k be t(6). Let i be v(k). What is a(i)?
-11
Let t(v) be the second derivative of -v**5/20 + 5*v**4/3 - 17*v**3/6 - 17*v**2 + 5*v + 88. Determine t(19).
4
Let b(u) = 16*u**3 - u**2 - u. Let j(c) = 4*c**2 + c - 3. Let y be j(-3). Let t = y + -30. Suppose -6 + t = 6*z. Determine b(z).
-16
Suppose -3*h + 395*a - 397*a = 10, 2*h = 3*a - 11. Let g(n) = -n**3 - 2*n**2 + 3*n - 6. Calculate g(h).
14
Let q(n) be the first derivative of -19*n**2/2 + n - 247. Determine q(-1).
20
Let z(t) = t - 2*t + 0*t + 1078453 + t**3 - 1078452. Suppose 3*n - 25 = -2*n - 5*k, 2*n - 3*k = 0. Let g be (-6 - -3)*(-2)/n. Give z(g).
7
Suppose 4*q + 44 = 8*q. Suppose 5*o + q = 3*n - 9, 5*o - n + 20 = 0. Let f(t) be the first derivative of t**4/4 + 4*t**3/3 + 2*t - 14. What is f(o)?
2
Let w(s) = s**2 + 3*s + 15. Let x(j) = 489*j - 1478. Let m be x(3). Give w(m).
103
Let z(y) = 3*y + 17. Let i(s) = s**2 - 15*s - 557. Let d be i(-17). Give z(d).
-22
Let h be 0/(-10)*((-144)/(-1872))/(2/13). Let m = 2 - 1. Let i(q) = -q + m - 2 + 0*q. Determine i(h).
-1
Let f(z) = 7*z**2 + 8*z + 10. Let s(l) = 13*l**2 - 10*l + 15*l**2 - 11 - 58*l**2 + 22*l**2. Let t(j) = 7*f(j) + 6*s(j). What is t(4)?
4
Let z(g) = 7*g - g**2 + g + 7 - 2*g. Suppose j + 5*x = -20, -5*j = -0*j + 2*x + 31. Let f(q) = -5*q - 17. Let v be f(j). What is z(v)?
-9
Let w(q) = -6*q - 1. Let c = -217 + 219. Let b(p) = -p**2 + 12*p + 4. Let s(t) = c*b(t) + 5*w(t). Give s(-5).
-17
Let n(s) = -3 + 11*s - 6*s - 45*s + 46*s. Suppose -5*d = 5, 2*d + 8 - 1 = i. What is n(i)?
27
Let k(m) = m**3 - 7*m**2 + 6*m - 1. Suppose 5*w - 39 = -9. Suppose 31 = 7*z - w*z. Suppose 5*v - z = -1. Calculate k(v).
-1
Let j(n) = -7*n**3 + n**2 + 6*n + 5. Let a(z) be the first derivative of -z**2 - z - 92. Let t(p) = 4*a(p) + j(p). Calculate t(1).
-7
Let h(r) be the third derivative of -1/6*r**3 - 1/10*r**6 + 0*r + 0 + 1/30*r**5 + 0*r**4 + 132*r**2. Calculate h(1).
-11
Let n(r) = r**3 + 28*r**2 + 76*r + 31. Let u be n(-25). Let k(l) = 7*l + 16. Let a(t) = 6*t + 15. Let j(d) = u*a(d) - 5*k(d). What is j(-6)?
4
Let y(w) be the second derivative of w**5/20 + 5*w**4/4 - w**3/6 - 5*w**2 - 35*w - 4. Let b(x) = 2*x**3 - x**2 - 4*x - 3. Let k be b(-2). Give y(k).
5
Suppose 52*d - 152 = 180 - 20. Let y(p) = -p**3 + 8*p**2 - 11*p - 3. Calculate y(d).
3
Let f(k) = -119847 - 6*k + 2*k + 119816. Calculate f(-11).
13
Let o = 19140 - 19136. Let g(u) = u**2 - 18*u + 35. What is g(o)?
-21
Let p(z) = -z**3 - 8*z**2 + 127*z + 4. Let l be 2/8 - (-62)/8. What is p(l)?
-4
Let z(p) = -p**3 + 15*p**2 - 6*p + 75. Let s be z(15). Let t = 10 + s. Let c(o) = o**2 + 7*o + 5. Calculate c(t).
-5
Let m = 300 - 300. Let a(p) = -p + 10 + m - 13. What is a(11)?
-14
Suppose -x - 2*g - 14 = 0, x + x + 2*g + 20 = 0. Let j be (x/3)/((-4)/(-54)*-3). Let h(t) = 4*t + 3 - j*t + 4*t. Give h(5).
-2
Let v(n) = -n**2 + 8*n + 7. Let t(l) = -l**3 + 6*l**2 + l - 15. Let h be t(5). Suppose -k = -2*o, -3*o = 7*k - 6*k - h. Determine v(k).
19
Let a(c) = 4*c + 6. Let f = 5648 + -5652. Give a(f).
-10
Let q(k) = k + 13. Let y(w) = 11*w**2 - 2*w - 81. Let u(s) = -6*q(s) - y(s). What is u(1)?
-12
Suppose -103*m + 163 = 248 + 430. Let l = 7 + -5. Let v(r) = -3*r**2 + 7 + 3*r**l - r**2 - 2*r. Calculate v(m).
-8
Let j(n) be the second derivative of n**4/12 + 4*n**3/3 + n**2 - n. Let l be (18/15)/((-42)/(-560)). Suppose -l*x - 73 - 23 = 0. What is j(x)?
-10
Let l(z) = z**3 + 27*z**2 + 4. Let p(y) = -176*y + 1557. Let q be p(9). Give l(q).
4
Let y(u) = -u**3 - 7*u**2 - 3*u + 26. Suppose -36 = 2*g - 5*r - 8, 3*r + 4 = -4*g. Let k be y(g). Let z(f) = f + 12. Calculate z(k).
2
Let x be (22/(-5))/(1/(45/(-18))). Let j(w) = 8. Let d(s) = s + 28. Let i(z) = 2*d(z) - 9*j(z). Give i(x).
6
Let x(c) = -2*c**3 - 47*c**2 - 23*c - 10. Let g = -1384 + 1361. Calculate x(g).
-10
Suppose -16 = 21*x - 25*x. Suppose 7*w - 15 = 4*w - 3*a, -3*a + 12 = 2*w. Suppose w*l + 5 = -x. Let n(t) = 3*t**2 + 5*t + 2. Calculate n(l).
14
Let o(g) = -g**2 + 5*g - 1. Let a(j) = 5*j - 5. Let z be (-6)/(5/(-10) - 1). Suppose -10 = -9*b + z*b. Let v be a(b). What is o(v)?
-1
Let v(b) = 2*b + 9. Suppose -t - 2*w = -36 - 76, -5*t + 560 = 2*w. Let m = 109 - t. Determine v(m).
3
Let a(u) be the second derivative of -u**4/12 + 5*u**3/3 + 15*u**2/2 - 1786*u. Determine a(12).
-9
Let c(r) = 2 + 11*r**2 + 2149*r - 1011*r - r**3 - 1076*r + 0*r**3. Determine c(-4).
-6
Let l(y) = -2*y + 3. Let o = -2609 + 2608. Calculate l(o).
5
Let z(n) be the first derivative of 0*n**2 + 11/3*n**3 - 24 + 0*n + 1/8*n**4 + 1/120*n**5. Let j(h) be the third derivative of z(h). Determine j(-4).
-1
Let b = -573312 - -573324. Let i(y) = -3*y - 18. Let u(p) = p + 9. Let o(h) = -2*i(h) - 5*u(h). Calculate o(b).
3
Let p(o) be the third derivative of 1/60*